{"id":251,"date":"2023-11-04T04:39:51","date_gmt":"2023-11-04T04:39:51","guid":{"rendered":"https:\/\/lenguacastellanausco.edu.co\/?page_id=251"},"modified":"2023-11-04T04:39:51","modified_gmt":"2023-11-04T04:39:51","slug":"proceso-de-digitalizacion","status":"publish","type":"page","link":"https:\/\/lenguacastellanausco.edu.co\/index.php\/proceso-de-digitalizacion\/","title":{"rendered":"Proceso de digitalizaci\u00f3n"},"content":{"rendered":"\n<p>En este apartado podr\u00e1n encontrar las pruebes y muestras de c\u00f3mo se logr\u00f3 cumplir con el objetivo del proyecto &#8220;Atlas Ling\u00fc\u00edstico del Huila&#8221;, presentando im\u00e1genes del proceso que realizaron los participantes del proyecto para digitalizar los tomos encontrados en la USCO.<\/p>\n\n\n\n<figure class=\"wp-block-image size-full\"><img decoding=\"async\" loading=\"lazy\" width=\"768\" height=\"1024\" src=\"https:\/\/lenguacastellanausco.edu.co\/wp-content\/uploads\/2023\/11\/Proceso-de-escaneo1.jpg\" alt=\"\" class=\"wp-image-252\" srcset=\"https:\/\/lenguacastellanausco.edu.co\/wp-content\/uploads\/2023\/11\/Proceso-de-escaneo1.jpg 768w, https:\/\/lenguacastellanausco.edu.co\/wp-content\/uploads\/2023\/11\/Proceso-de-escaneo1-225x300.jpg 225w\" sizes=\"(max-width: 768px) 100vw, 768px\" \/><\/figure>\n\n\n\n<p><\/p>\n\n\n\n<figure class=\"wp-block-image size-large\"><img decoding=\"async\" loading=\"lazy\" width=\"1024\" height=\"768\" src=\"https:\/\/lenguacastellanausco.edu.co\/wp-content\/uploads\/2023\/11\/Proceso-de-escaneo.-26-01-23-1024x768.jpg\" alt=\"\" class=\"wp-image-253\" srcset=\"https:\/\/lenguacastellanausco.edu.co\/wp-content\/uploads\/2023\/11\/Proceso-de-escaneo.-26-01-23-1024x768.jpg 1024w, https:\/\/lenguacastellanausco.edu.co\/wp-content\/uploads\/2023\/11\/Proceso-de-escaneo.-26-01-23-300x225.jpg 300w, https:\/\/lenguacastellanausco.edu.co\/wp-content\/uploads\/2023\/11\/Proceso-de-escaneo.-26-01-23-768x576.jpg 768w, https:\/\/lenguacastellanausco.edu.co\/wp-content\/uploads\/2023\/11\/Proceso-de-escaneo.-26-01-23-1536x1152.jpg 1536w, https:\/\/lenguacastellanausco.edu.co\/wp-content\/uploads\/2023\/11\/Proceso-de-escaneo.-26-01-23-2048x1536.jpg 2048w\" sizes=\"(max-width: 1024px) 100vw, 1024px\" \/><\/figure>\n\n\n\n<p><\/p>\n\n\n\n<figure class=\"wp-block-image size-large\"><img decoding=\"async\" loading=\"lazy\" width=\"1024\" height=\"768\" src=\"https:\/\/lenguacastellanausco.edu.co\/wp-content\/uploads\/2023\/11\/Proceso-de-Escaneo.-27-01-23-1024x768.jpg\" alt=\"\" class=\"wp-image-254\" srcset=\"https:\/\/lenguacastellanausco.edu.co\/wp-content\/uploads\/2023\/11\/Proceso-de-Escaneo.-27-01-23-1024x768.jpg 1024w, https:\/\/lenguacastellanausco.edu.co\/wp-content\/uploads\/2023\/11\/Proceso-de-Escaneo.-27-01-23-300x225.jpg 300w, https:\/\/lenguacastellanausco.edu.co\/wp-content\/uploads\/2023\/11\/Proceso-de-Escaneo.-27-01-23-768x576.jpg 768w, https:\/\/lenguacastellanausco.edu.co\/wp-content\/uploads\/2023\/11\/Proceso-de-Escaneo.-27-01-23-1536x1152.jpg 1536w, https:\/\/lenguacastellanausco.edu.co\/wp-content\/uploads\/2023\/11\/Proceso-de-Escaneo.-27-01-23-2048x1536.jpg 2048w\" sizes=\"(max-width: 1024px) 100vw, 1024px\" \/><\/figure>\n\n\n\n<p><\/p>\n\n\n\n<figure class=\"wp-block-image size-full\"><img decoding=\"async\" loading=\"lazy\" width=\"768\" height=\"1024\" src=\"https:\/\/lenguacastellanausco.edu.co\/wp-content\/uploads\/2023\/11\/Proceso-de-escaneo.jpg\" alt=\"\" class=\"wp-image-255\" srcset=\"https:\/\/lenguacastellanausco.edu.co\/wp-content\/uploads\/2023\/11\/Proceso-de-escaneo.jpg 768w, https:\/\/lenguacastellanausco.edu.co\/wp-content\/uploads\/2023\/11\/Proceso-de-escaneo-225x300.jpg 225w\" sizes=\"(max-width: 768px) 100vw, 768px\" \/><\/figure>\n","protected":false},"excerpt":{"rendered":"<p>En este apartado podr\u00e1n encontrar las pruebes y muestras de c\u00f3mo se logr\u00f3 cumplir con el objetivo del proyecto &#8220;Atlas Ling\u00fc\u00edstico del Huila&#8221;, presentando im\u00e1genes del proceso que realizaron los participantes del proyecto para digitalizar los tomos encontrados en la USCO.<\/p>\n","protected":false},"author":1,"featured_media":0,"parent":0,"menu_order":0,"comment_status":"closed","ping_status":"closed","template":"","meta":{"om_disable_all_campaigns":false,"_monsterinsights_skip_tracking":false,"_monsterinsights_sitenote_active":false,"_monsterinsights_sitenote_note":"","_monsterinsights_sitenote_category":0},"_links":{"self":[{"href":"https:\/\/lenguacastellanausco.edu.co\/index.php\/wp-json\/wp\/v2\/pages\/251"}],"collection":[{"href":"https:\/\/lenguacastellanausco.edu.co\/index.php\/wp-json\/wp\/v2\/pages"}],"about":[{"href":"https:\/\/lenguacastellanausco.edu.co\/index.php\/wp-json\/wp\/v2\/types\/page"}],"author":[{"embeddable":true,"href":"https:\/\/lenguacastellanausco.edu.co\/index.php\/wp-json\/wp\/v2\/users\/1"}],"replies":[{"embeddable":true,"href":"https:\/\/lenguacastellanausco.edu.co\/index.php\/wp-json\/wp\/v2\/comments?post=251"}],"version-history":[{"count":1,"href":"https:\/\/lenguacastellanausco.edu.co\/index.php\/wp-json\/wp\/v2\/pages\/251\/revisions"}],"predecessor-version":[{"id":256,"href":"https:\/\/lenguacastellanausco.edu.co\/index.php\/wp-json\/wp\/v2\/pages\/251\/revisions\/256"}],"wp:attachment":[{"href":"https:\/\/lenguacastellanausco.edu.co\/index.php\/wp-json\/wp\/v2\/media?parent=251"}],"curies":[{"name":"wp","href":"https:\/\/api.w.org\/{rel}","templated":true}]}}