{"id":178,"date":"2023-11-03T15:57:44","date_gmt":"2023-11-03T15:57:44","guid":{"rendered":"https:\/\/lenguacastellanausco.edu.co\/?page_id=178"},"modified":"2023-11-04T03:46:04","modified_gmt":"2023-11-04T03:46:04","slug":"tomos-2","status":"publish","type":"page","link":"https:\/\/lenguacastellanausco.edu.co\/index.php\/tomos-2\/","title":{"rendered":"Tomos escaneados"},"content":{"rendered":"\n<p>Este Atlas tiene el objetivo de preservar y conocer m\u00e1s sobre nuestra cultura, y se decidi\u00f3 conseguir este objetivo por medio de la digitalizaci\u00f3n de los tomos encontrados en las instalaciones de la Universidad Surcolombiana, los tomos escaneados son los siguientes:<\/p>\n\n\n\n<div class=\"wp-block-file\"><object class=\"wp-block-file__embed\" data=\"https:\/\/lenguacastellanausco.edu.co\/wp-content\/uploads\/2023\/11\/Elementos-linguisticos-del-Guambiano-2.pdf\" type=\"application\/pdf\" style=\"width:100%;height:600px\" aria-label=\"Incrustado de Elementos-linguisticos-del-Guambiano-2.\"><\/object><a id=\"wp-block-file--media-23067358-0005-41d6-8062-978685b15e40\" href=\"https:\/\/lenguacastellanausco.edu.co\/wp-content\/uploads\/2023\/11\/Elementos-linguisticos-del-Guambiano-2.pdf\">Elementos-linguisticos-del-Guambiano-2<\/a><a href=\"https:\/\/lenguacastellanausco.edu.co\/wp-content\/uploads\/2023\/11\/Elementos-linguisticos-del-Guambiano-2.pdf\" class=\"wp-block-file__button wp-element-button\" download aria-describedby=\"wp-block-file--media-23067358-0005-41d6-8062-978685b15e40\"><\/a><\/div>\n\n\n\n<div class=\"wp-block-file\"><object class=\"wp-block-file__embed\" data=\"https:\/\/lenguacastellanausco.edu.co\/wp-content\/uploads\/2023\/11\/Tomo-I-1.pdf\" type=\"application\/pdf\" style=\"width:100%;height:350px\" aria-label=\"Incrustado de Tomo-I-1.\"><\/object><a id=\"wp-block-file--media-4d2bd944-4c3c-41ae-8725-498adb15cdc6\" href=\"https:\/\/lenguacastellanausco.edu.co\/wp-content\/uploads\/2023\/11\/Tomo-I-1.pdf\">Tomo-I-1<\/a><a href=\"https:\/\/lenguacastellanausco.edu.co\/wp-content\/uploads\/2023\/11\/Tomo-I-1.pdf\" class=\"wp-block-file__button wp-element-button\" download aria-describedby=\"wp-block-file--media-4d2bd944-4c3c-41ae-8725-498adb15cdc6\">Descargar<\/a><\/div>\n\n\n\n<div class=\"wp-block-file\"><object class=\"wp-block-file__embed\" data=\"https:\/\/lenguacastellanausco.edu.co\/wp-content\/uploads\/2023\/11\/Tomo-II-1.pdf\" type=\"application\/pdf\" style=\"width:100%;height:600px\" aria-label=\"Incrustado de Tomo-II-1.\"><\/object><a id=\"wp-block-file--media-7eba3e16-9f86-495b-bc62-254da7779bfd\" href=\"https:\/\/lenguacastellanausco.edu.co\/wp-content\/uploads\/2023\/11\/Tomo-II-1.pdf\">Tomo-II-1<\/a><a href=\"https:\/\/lenguacastellanausco.edu.co\/wp-content\/uploads\/2023\/11\/Tomo-II-1.pdf\" class=\"wp-block-file__button wp-element-button\" download aria-describedby=\"wp-block-file--media-7eba3e16-9f86-495b-bc62-254da7779bfd\">Descargar<\/a><\/div>\n\n\n\n<div class=\"wp-block-file\"><object class=\"wp-block-file__embed\" data=\"https:\/\/lenguacastellanausco.edu.co\/wp-content\/uploads\/2023\/11\/Tomo-III-1.pdf\" type=\"application\/pdf\" style=\"width:100%;height:600px\" aria-label=\"Incrustado de Tomo-III-1.\"><\/object><a id=\"wp-block-file--media-d265fcd0-3db8-48a0-9f08-fff8c2c0b7f6\" href=\"https:\/\/lenguacastellanausco.edu.co\/wp-content\/uploads\/2023\/11\/Tomo-III-1.pdf\">Tomo-III-1<\/a><a href=\"https:\/\/lenguacastellanausco.edu.co\/wp-content\/uploads\/2023\/11\/Tomo-III-1.pdf\" class=\"wp-block-file__button wp-element-button\" download aria-describedby=\"wp-block-file--media-d265fcd0-3db8-48a0-9f08-fff8c2c0b7f6\">Descargar<\/a><\/div>\n\n\n\n<div class=\"wp-block-file\"><object class=\"wp-block-file__embed\" data=\"https:\/\/lenguacastellanausco.edu.co\/wp-content\/uploads\/2023\/11\/Tomo-IX-El-campo-los-cultivos-otros-vegetales-1.pdf\" type=\"application\/pdf\" style=\"width:100%;height:600px\" aria-label=\"Incrustado de Tomo-IX-El-campo-los-cultivos-otros-vegetales-1.\"><\/object><a id=\"wp-block-file--media-664fa44b-601b-4568-bf9f-9d98a906670c\" href=\"https:\/\/lenguacastellanausco.edu.co\/wp-content\/uploads\/2023\/11\/Tomo-IX-El-campo-los-cultivos-otros-vegetales-1.pdf\">Tomo-IX-El-campo-los-cultivos-otros-vegetales-1<\/a><a href=\"https:\/\/lenguacastellanausco.edu.co\/wp-content\/uploads\/2023\/11\/Tomo-IX-El-campo-los-cultivos-otros-vegetales-1.pdf\" class=\"wp-block-file__button wp-element-button\" download aria-describedby=\"wp-block-file--media-664fa44b-601b-4568-bf9f-9d98a906670c\">Descargar<\/a><\/div>\n\n\n\n<div class=\"wp-block-file\"><object class=\"wp-block-file__embed\" data=\"https:\/\/lenguacastellanausco.edu.co\/wp-content\/uploads\/2023\/11\/Tomo-la-familia-ciclo-de-vida-1.pdf\" type=\"application\/pdf\" style=\"width:100%;height:600px\" aria-label=\"Incrustado de Tomo-la-familia-ciclo-de-vida-1.\"><\/object><a id=\"wp-block-file--media-460b0027-a35d-4623-b457-235ec0362d50\" href=\"https:\/\/lenguacastellanausco.edu.co\/wp-content\/uploads\/2023\/11\/Tomo-la-familia-ciclo-de-vida-1.pdf\">Tomo-la-familia-ciclo-de-vida-1<\/a><a href=\"https:\/\/lenguacastellanausco.edu.co\/wp-content\/uploads\/2023\/11\/Tomo-la-familia-ciclo-de-vida-1.pdf\" class=\"wp-block-file__button wp-element-button\" download aria-describedby=\"wp-block-file--media-460b0027-a35d-4623-b457-235ec0362d50\">Descargar<\/a><\/div>\n\n\n\n<div class=\"wp-block-file\"><object class=\"wp-block-file__embed\" data=\"https:\/\/lenguacastellanausco.edu.co\/wp-content\/uploads\/2023\/11\/Tomo-Transporte-1.pdf\" type=\"application\/pdf\" style=\"width:100%;height:600px\" aria-label=\"Incrustado de Tomo-Transporte-1.\"><\/object><a id=\"wp-block-file--media-48bd5fa1-f268-4376-90a8-2f45d24b4a12\" href=\"https:\/\/lenguacastellanausco.edu.co\/wp-content\/uploads\/2023\/11\/Tomo-Transporte-1.pdf\">Tomo-Transporte-1<\/a><a href=\"https:\/\/lenguacastellanausco.edu.co\/wp-content\/uploads\/2023\/11\/Tomo-Transporte-1.pdf\" class=\"wp-block-file__button wp-element-button\" download aria-describedby=\"wp-block-file--media-48bd5fa1-f268-4376-90a8-2f45d24b4a12\">Descargar<\/a><\/div>\n\n\n\n<div class=\"wp-block-file\"><object class=\"wp-block-file__embed\" data=\"https:\/\/lenguacastellanausco.edu.co\/wp-content\/uploads\/2023\/11\/Tomo-VI-1.pdf\" type=\"application\/pdf\" style=\"width:100%;height:600px\" aria-label=\"Incrustado de Tomo-VI-1.\"><\/object><a id=\"wp-block-file--media-875893f9-eeda-4624-9335-8d0333624129\" href=\"https:\/\/lenguacastellanausco.edu.co\/wp-content\/uploads\/2023\/11\/Tomo-VI-1.pdf\">Tomo-VI-1<\/a><a href=\"https:\/\/lenguacastellanausco.edu.co\/wp-content\/uploads\/2023\/11\/Tomo-VI-1.pdf\" class=\"wp-block-file__button wp-element-button\" download aria-describedby=\"wp-block-file--media-875893f9-eeda-4624-9335-8d0333624129\">Descargar<\/a><\/div>\n\n\n\n<div class=\"wp-block-file\"><object class=\"wp-block-file__embed\" data=\"https:\/\/lenguacastellanausco.edu.co\/wp-content\/uploads\/2023\/11\/Tomo-VII-Festividades-y-distracciones-1.pdf\" type=\"application\/pdf\" style=\"width:100%;height:600px\" aria-label=\"Incrustado de Tomo-VII-Festividades-y-distracciones-1.\"><\/object><a id=\"wp-block-file--media-0955f777-5337-4c5c-82d7-2a0048401e2a\" href=\"https:\/\/lenguacastellanausco.edu.co\/wp-content\/uploads\/2023\/11\/Tomo-VII-Festividades-y-distracciones-1.pdf\">Tomo-VII-Festividades-y-distracciones-1<\/a><a href=\"https:\/\/lenguacastellanausco.edu.co\/wp-content\/uploads\/2023\/11\/Tomo-VII-Festividades-y-distracciones-1.pdf\" class=\"wp-block-file__button wp-element-button\" download aria-describedby=\"wp-block-file--media-0955f777-5337-4c5c-82d7-2a0048401e2a\">Descargar<\/a><\/div>\n\n\n\n<div class=\"wp-block-file\"><object class=\"wp-block-file__embed\" data=\"https:\/\/lenguacastellanausco.edu.co\/wp-content\/uploads\/2023\/11\/Tomo-VII-1.pdf\" type=\"application\/pdf\" style=\"width:100%;height:600px\" aria-label=\"Incrustado de Tomo-VII-1.\"><\/object><a id=\"wp-block-file--media-f11399e8-8415-48c2-9e35-cfb614ba6be3\" href=\"https:\/\/lenguacastellanausco.edu.co\/wp-content\/uploads\/2023\/11\/Tomo-VII-1.pdf\">Tomo-VII-1<\/a><a href=\"https:\/\/lenguacastellanausco.edu.co\/wp-content\/uploads\/2023\/11\/Tomo-VII-1.pdf\" class=\"wp-block-file__button wp-element-button\" download aria-describedby=\"wp-block-file--media-f11399e8-8415-48c2-9e35-cfb614ba6be3\">Descargar<\/a><\/div>\n\n\n\n<div class=\"wp-block-file\"><object class=\"wp-block-file__embed\" data=\"https:\/\/lenguacastellanausco.edu.co\/wp-content\/uploads\/2023\/11\/tomo-X-industrias-relacionadas-con-la-agricultura-1.pdf\" type=\"application\/pdf\" style=\"width:100%;height:600px\" aria-label=\"Incrustado de tomo-X-industrias-relacionadas-con-la-agricultura-1.\"><\/object><a id=\"wp-block-file--media-298b323a-0e9c-4d96-9bbf-4ab0a695fcb3\" href=\"https:\/\/lenguacastellanausco.edu.co\/wp-content\/uploads\/2023\/11\/tomo-X-industrias-relacionadas-con-la-agricultura-1.pdf\">tomo-X-industrias-relacionadas-con-la-agricultura-1<\/a><a href=\"https:\/\/lenguacastellanausco.edu.co\/wp-content\/uploads\/2023\/11\/tomo-X-industrias-relacionadas-con-la-agricultura-1.pdf\" class=\"wp-block-file__button wp-element-button\" download aria-describedby=\"wp-block-file--media-298b323a-0e9c-4d96-9bbf-4ab0a695fcb3\">Descargar<\/a><\/div>\n\n\n\n<div class=\"wp-block-file\"><object class=\"wp-block-file__embed\" data=\"https:\/\/lenguacastellanausco.edu.co\/wp-content\/uploads\/2023\/11\/Tomo-XI-Ganaderia-1.pdf\" type=\"application\/pdf\" style=\"width:100%;height:600px\" aria-label=\"Incrustado de Tomo-XI-Ganaderia-1.\"><\/object><a id=\"wp-block-file--media-3aa30eeb-424a-44c8-bc7f-11cd1736608b\" href=\"https:\/\/lenguacastellanausco.edu.co\/wp-content\/uploads\/2023\/11\/Tomo-XI-Ganaderia-1.pdf\">Tomo-XI-Ganaderia-1<\/a><a href=\"https:\/\/lenguacastellanausco.edu.co\/wp-content\/uploads\/2023\/11\/Tomo-XI-Ganaderia-1.pdf\" class=\"wp-block-file__button wp-element-button\" download aria-describedby=\"wp-block-file--media-3aa30eeb-424a-44c8-bc7f-11cd1736608b\">Descargar<\/a><\/div>\n\n\n\n<div class=\"wp-block-file\"><object class=\"wp-block-file__embed\" data=\"https:\/\/lenguacastellanausco.edu.co\/wp-content\/uploads\/2023\/11\/Tomo-XII-1.pdf\" type=\"application\/pdf\" style=\"width:100%;height:600px\" aria-label=\"Incrustado de Tomo-XII-1.\"><\/object><a id=\"wp-block-file--media-71de7740-f4a7-423e-b919-521fec0c56d3\" href=\"https:\/\/lenguacastellanausco.edu.co\/wp-content\/uploads\/2023\/11\/Tomo-XII-1.pdf\">Tomo-XII-1<\/a><a href=\"https:\/\/lenguacastellanausco.edu.co\/wp-content\/uploads\/2023\/11\/Tomo-XII-1.pdf\" class=\"wp-block-file__button wp-element-button\" download aria-describedby=\"wp-block-file--media-71de7740-f4a7-423e-b919-521fec0c56d3\">Descargar<\/a><\/div>\n\n\n\n<div class=\"wp-block-file\"><object class=\"wp-block-file__embed\" data=\"https:\/\/lenguacastellanausco.edu.co\/wp-content\/uploads\/2023\/11\/Tomo-XV-1.pdf\" type=\"application\/pdf\" style=\"width:100%;height:600px\" aria-label=\"Incrustado de Tomo-XV-1.\"><\/object><a id=\"wp-block-file--media-41c58248-6652-4b00-80a1-ee041154cf75\" href=\"https:\/\/lenguacastellanausco.edu.co\/wp-content\/uploads\/2023\/11\/Tomo-XV-1.pdf\">Tomo-XV-1<\/a><a href=\"https:\/\/lenguacastellanausco.edu.co\/wp-content\/uploads\/2023\/11\/Tomo-XV-1.pdf\" class=\"wp-block-file__button wp-element-button\" download aria-describedby=\"wp-block-file--media-41c58248-6652-4b00-80a1-ee041154cf75\">Descargar<\/a><\/div>\n","protected":false},"excerpt":{"rendered":"<p>Este Atlas tiene el objetivo de preservar y conocer m\u00e1s sobre nuestra cultura, y se decidi\u00f3 conseguir este objetivo por medio de la digitalizaci\u00f3n de los tomos encontrados en las instalaciones de la Universidad Surcolombiana, los tomos escaneados son los siguientes:<\/p>\n","protected":false},"author":1,"featured_media":173,"parent":0,"menu_order":0,"comment_status":"closed","ping_status":"closed","template":"","meta":{"om_disable_all_campaigns":false,"_monsterinsights_skip_tracking":false,"_monsterinsights_sitenote_active":false,"_monsterinsights_sitenote_note":"","_monsterinsights_sitenote_category":0},"_links":{"self":[{"href":"https:\/\/lenguacastellanausco.edu.co\/index.php\/wp-json\/wp\/v2\/pages\/178"}],"collection":[{"href":"https:\/\/lenguacastellanausco.edu.co\/index.php\/wp-json\/wp\/v2\/pages"}],"about":[{"href":"https:\/\/lenguacastellanausco.edu.co\/index.php\/wp-json\/wp\/v2\/types\/page"}],"author":[{"embeddable":true,"href":"https:\/\/lenguacastellanausco.edu.co\/index.php\/wp-json\/wp\/v2\/users\/1"}],"replies":[{"embeddable":true,"href":"https:\/\/lenguacastellanausco.edu.co\/index.php\/wp-json\/wp\/v2\/comments?post=178"}],"version-history":[{"count":7,"href":"https:\/\/lenguacastellanausco.edu.co\/index.php\/wp-json\/wp\/v2\/pages\/178\/revisions"}],"predecessor-version":[{"id":208,"href":"https:\/\/lenguacastellanausco.edu.co\/index.php\/wp-json\/wp\/v2\/pages\/178\/revisions\/208"}],"wp:featuredmedia":[{"embeddable":true,"href":"https:\/\/lenguacastellanausco.edu.co\/index.php\/wp-json\/wp\/v2\/media\/173"}],"wp:attachment":[{"href":"https:\/\/lenguacastellanausco.edu.co\/index.php\/wp-json\/wp\/v2\/media?parent=178"}],"curies":[{"name":"wp","href":"https:\/\/api.w.org\/{rel}","templated":true}]}}